 Suppose 3*l - 9 = b*l. List the prime factors of l.
3
Let g be 2 - 14*1 - -2. Let k be g*(0 + (-2)/5). Suppose o - 65 = i - 6*i, -3*i + 56 = k*o. What are the prime factors of i?
2, 3
Suppose 0 = 4*n - 603 - 325. Suppose -8 - n = -5*i. Suppose -3*g + i = g. What are the prime factors of g?
2, 3
Let z(o) = o + 1. Let d be z(4). Suppose 3*w - 55 = d*i - 150, -5*i + 135 = 5*w. List the prime factors of i.
2, 11
Suppose -3*z - 639 = -6*z. List the prime factors of z.
3, 71
Let d(s) be the third derivative of s**4/8 + 3*s**3/2 - 6*s**2. List the prime factors of d(4).
3, 7
Let l = -100 - -141. What are the prime factors of l?
41
Let v(a) = a**3 + 10*a**2 + 9*a + 3. Let j be v(-9). Suppose -12 = -j*g - 3. Suppose 0*n + n = -5*m - 3, -3*m + 15 = g*n. What are the prime factors of n?
7
Suppose 6*i - 2*i = 20. Let w be 2/(-10) - (-26)/i. Suppose -w*t + t = -36. List the prime factors of t.
3
List the prime factors of (2/1)/(2/144).
2, 3
Suppose -m = -5*u - 25, -4*u - 31 = -11. Let b(z) = m + 3 + 2 - 11*z - z**2. What are the prime factors of b(-11)?
5
Let y = 58 + 13. List the prime factors of y.
71
Let h(a) = 8*a**3 - 5*a**2 - 4*a - 1. Let g(m) = 7*m**3 - 4*m**2 - 4*m - 1. Let f(o) = 7*g(o) - 6*h(o). What are the prime factors of f(-3)?
2
Let w(q) = -q**3 + 6*q**2 + 2*q - 4. List the prime factors of w(6).
2
What are the prime factors of ((-9)/24*122)/((-1)/4)?
3, 61
Suppose -18 + 0 = -3*w. Suppose -w*u = -u - 3*s - 19, 4*u - 4*s - 20 = 0. What are the prime factors of u?
2
Let f(o) = -2*o - 9. Let p be f(-6). Let u(d) = d**2 - 2*d - 2. Let q be u(p). List the prime factors of 6/(-4)*(q + -7).
3
Let y = -7 - -11. Suppose 0*x - 72 = -y*x. List the prime factors of x.
2, 3
Suppose -10 = 8*j - 378. What are the prime factors of j?
2, 23
Suppose -5*x + 5 = 70. What are the prime factors of (x/(-3))/(2/18)?
3, 13
Suppose 0 = 5*q - q - 2*p - 16, 2*q + 2*p - 8 = 0. Suppose -74 = -5*l + 3*w, -q*w + 2*w = -4. What are the prime factors of l?
2
Let y = -43 + -6. What are the prime factors of 4/(-16) + y/(-4)?
2, 3
Suppose -5*r + 2 + 3 = 0. Let f(c) = 11*c**3 - c**2. List the prime factors of f(r).
2, 5
Let g = 15 - 11. Let v be (7 + -8)*(1 - 4). Let o = v + g. What are the prime factors of o?
7
List the prime factors of (0 - 4360/(-18)) + (-42)/189.
2, 11
Let a(x) = 2*x**2 + 6*x + 5. What are the prime factors of a(-3)?
5
Let d(w) = -w**3 - 6*w**2 + 11*w + 9. Let i be d(-7). Let h = -14 - i. List the prime factors of h.
5
Let i be (2 - 4)/(-2 + 4). Let n(d) = 20*d**2 + d. What are the prime factors of n(i)?
19
Let m(x) = -x**2 + 3*x + 20. What are the prime factors of m(0)?
2, 5
Let c(u) be the first derivative of -u**6/360 - u**5/20 - u**4/8 + 2*u**3/3 - 2. Let o(l) be the third derivative of c(l). What are the prime factors of o(-3)?
2, 3
Let x = -6 + 9. Let i be 31 - ((-1 - 2) + x). Let y = i - 19. What are the prime factors of y?
2, 3
Suppose 2*f + 6 = v, 0*f + v = 5*f + 12. Let p be 2 + 0 + (-314)/f. What are the prime factors of 6/15 + p/15?
11
Let l(a) = -a**3 - a**2 + 2*a + 1. Let i be l(-2). Let v be (10/(-8))/((-3)/12). Suppose -v*r = i - 66. List the prime factors of r.
13
Suppose 3 = -5*j + 8. Let x be 1*0/(j - 0). Suppose -s - s + 18 = x. What are the prime factors of s?
3
Let q = -7 - -1. Let i = -2 + q. Let t = i - -11. List the prime factors of t.
3
Let x be 2 + -3 + 18/2. Suppose 4*m - m + x = -2*v, -5*m - 4 = v. Let c = 9 - v. List the prime factors of c.
13
Let l = 13 - 15. List the prime factors of 14*l/(-4) + -1.
2, 3
Let q = 1 - 4. Let d be (-56)/q - (-4)/(-6). Suppose 3*r - r - d = 0. What are the prime factors of r?
3
Let z = 3 - 1. What are the prime factors of ((-40)/5)/((-1)/z)?
2
Let x(j) be the first derivative of 5*j**2/2 + j - 1. Let c be x(-1). What are the prime factors of c/(-12) + (-70)/(-6)?
2, 3
Suppose 4*m + 24 = -4*p + 5*p, 5*p - 3*m - 52 = 0. Suppose -3*v = -1 - p. List the prime factors of 8/(1 + (-1)/v).
2, 3
Let w be ((-1)/1)/((-2)/4). List the prime factors of (w - 3)/(1/(-24)).
2, 3
Suppose 5 = w - 12. Suppose 0 = b + 3*b - 20. Suppose -b*d = -18 - w. List the prime factors of d.
7
Suppose -5*c + 5 = -10. Let b = 7 - c. Suppose -9 = -b*h + 11. List the prime factors of h.
5
Let k(f) be the third derivative of f**4/8 - 7*f**3/6 + 6*f**2. List the prime factors of k(3).
2
Let a = 12 + -8. Suppose a*c - 89 + 37 = 0. What are the prime factors of c?
13
Suppose 0 = -2*i - 5*s, 5*i - 19 = -2*s + 2. Suppose 3*w + i*f + 0 = 158, 52 = w + f. What are the prime factors of w?
3, 17
Let d = 150 - 5. List the prime factors of d.
5, 29
Let s = 55 + 158. What are the prime factors of s?
3, 71
Let d be 8/2*2/4. What are the prime factors of 0 - d*(-10)/1?
2, 5
Suppose 0 = -3*q + 6. Suppose m + 4*v - q = 18, m = -3*v + 19. List the prime factors of m.
2
Let x(p) = p**3 + 13*p**2 + 4*p + 15. Let y be x(-12). Suppose -y = -5*w - 4*i, 4*w + i - 2*i = 93. List the prime factors of w.
23
Suppose 0*v + 3*v + 41 = 2*m, -v + 5*m - 5 = 0. Let n be (-1)/((3/v)/1). Suppose -n*p - 4*a + 22 = 0, p - a = -3 + 2. List the prime factors of p.
2
Let u(r) = -4 - 11*r + r**2 + 10*r + 44. What are the prime factors of u(0)?
2, 5
Let x = -16 + 16. Suppose -3*p + x*p = -87. What are the prime factors of p?
29
Let i be 10*4*1/5. Let p be 17/4 + (-2)/i. Suppose 2*s - p*s = -12. What are the prime factors of s?
2, 3
Suppose 3*w + 3*h + 14 = w, -5*w + 4*h = 35. Let o(s) = -7*s - 2*s**3 + 8 - 3 + 4 + 3*s**3 + 6*s**2. List the prime factors of o(w).
3
Suppose -22 = 4*r - 2*x, 3*r + 5 + 14 = 2*x. Let a be (2/6)/((-1)/r). Suppose 2*m - 4*d = 14, -a - 9 = 5*d. What are the prime factors of m?
3
Let g(d) = d**3 - 5*d**2 - 5*d + 1. List the prime factors of g(6).
7
Let x = 84 - 51. List the prime factors of x.
3, 11
Let w be (-3 - (3 - 3)) + -1. Let s(p) = p**3 + 4*p**2 - 3*p + 5. What are the prime factors of s(w)?
17
Suppose 3*c - 22 = 8. Let k = -7 - c. Let a = -11 - k. List the prime factors of a.
2, 3
Suppose 0*s - 207 = -3*s. What are the prime factors of s?
3, 23
Let l(g) = 2*g - 5. Let n(y) = -2*y + 4. Let b(w) = -4*l(w) - 5*n(w). Let p(q) = 2*q. Let x(a) = -4*b(a) + 3*p(a). List the prime factors of x(-5).
2, 5
Let g = -62 - -185. List the prime factors of g.
3, 41
Suppose 0 = -5*a + a + 196. Let r = 5 + -1. Suppose -n + a = r*w, -4*n = 2*w + n - 47. What are the prime factors of w?
11
Let a be 4/(-10) - (-48)/(-5). What are the prime factors of (-5)/a*14*2?
2, 7
Let o = 204 + -142. What are the prime factors of o?
2, 31
Suppose 3*l = 30 - 3. Suppose 3*v - 3 = l. Let d(p) = -p**2 + 6*p - 5. What are the prime factors of d(v)?
3
Suppose 0 = -3*t + 4*q - 9, 3*t + 2*q - 7*q + 12 = 0. List the prime factors of (3 - t)*10/4.
5
Let y = -84 - -14. Let j = -45 - y. What are the prime factors of j?
5
Suppose 0 = -2*u - 5 + 15. Suppose -3*h - 7 = -5*m - 101, -2*h + u*m + 71 = 0. List the prime factors of h.
23
Let q be ((-3)/9)/((-2)/150). Let r = q + -18. What are the prime factors of r?
7
Suppose 8 = 2*d + 2*b - 10, -b + 2 = 0. List the prime factors of d.
7
What are the prime factors of (-1253)/(-49) - 3/(-7)?
2, 13
What are the prime factors of 1/(-4) - 50/(-8)?
2, 3
Let d = 20 + -12. Suppose -m + 7 + d = 0. List the prime factors of m.
3, 5
Let n(a) = -a - 11. Suppose -30 = 5*w - 5*h - 0, 18 = -3*w - 5*h. Let j be n(w). Let f(r) = -r**3 - 4*r**2 + 6*r + 7. List the prime factors of f(j).
2
Let g be 10/((-1)/4*1). Let c = 13 + g. Let d = -16 - c. What are the prime factors of d?
11
Let d(i) = -6*i + 16. What are the prime factors of d(-6)?
2, 13
Let n be (-2)/(-7) + (-99)/(-21). Suppose 3 = n*y - 7. What are the prime factors of 33/6 - y/(-4)?
2, 3
Suppose -7*h + 3*h = -336. Let w = h + -58. What are the prime factors of w?
2, 13
Let r be (-13 - -1)*(-3)/9. Let v be 2/(-1) - (-7 + -1). Let c = v - r. List the prime factors of c.
2
Let k = -29 - -68. Suppose 4*f + k = 7. Let u = f + 11. List the prime factors of u.
3
Suppose -9*o + 10 = -4*o. Let v(w) = 24*w - 2. List the prime factors of v(o).
2, 23
Let y(k) = -7*k + 1. Let s be (-1 + 3)/((-2)/5). Let g be y(s). Suppose -t - 3*t + g = 0. What are the prime factors of t?
3
Let m(t) = t**2 - 2*t - 2. Let u be m(3). Let j(x) be the second derivative of 2*x**3/3 - x**2/2 + x. List the prime factors of j(u).
3
S